what is -b630 + 1?
-b62b
In base 8, what is -6241 + 0?
-6241
In base 14, what is b47 + 1?
b48
In base 5, what is -32142 + 0?
-32142
In base 5, what is -421 - -1?
-420
In base 16, what is 4 - a9e?
-a9a
In base 2, what is 1010010011 - 10110?
1001111101
In base 9, what is -155 + 151?
-4
In base 9, what is -8 + -47?
-56
In base 3, what is 12000 - -11?
12011
In base 7, what is -2264 + 3?
-2261
In base 5, what is 10104 + -20?
10034
In base 13, what is 287 + 2?
289
In base 5, what is 1013 - -41?
1104
In base 11, what is -128 - -4?
-124
In base 8, what is -510 + 20?
-470
In base 3, what is 20 - 1210?
-1120
In base 7, what is 2 + 301?
303
In base 12, what is 35 - 23?
12
In base 10, what is -258 + 4?
-254
In base 11, what is -aa + -1?
-100
In base 14, what is a6 + -1?
a5
In base 4, what is 113233 + 1?
113300
In base 3, what is -2112 + -12?
-2201
In base 9, what is -23057 + 2?
-23055
In base 8, what is -220 + -41?
-261
In base 10, what is -42 - -1?
-41
In base 5, what is 104 - -20?
124
In base 8, what is -3513 - -1?
-3512
In base 10, what is -4023 - -5?
-4018
In base 9, what is -22 + -5?
-27
In base 15, what is -c3 + -c?
-d0
In base 6, what is 1443 - 3?
1440
In base 12, what is 1927 - 5?
1922
In base 12, what is 575 + -1?
574
In base 7, what is 1444 + -35?
1406
In base 2, what is 101 + 10011100101?
10011101010
In base 7, what is 62233 - -2?
62235
In base 9, what is 1 + -631?
-630
In base 10, what is 3 - -205?
208
In base 5, what is 2 - -113?
120
In base 16, what is -a + 4f?
45
In base 15, what is 703 + 5?
708
In base 5, what is -1012 + 3?
-1004
In base 5, what is -304 + 2?
-302
In base 4, what is 11 - -31100?
31111
In base 14, what is a6 - 20?
86
In base 8, what is 1215 + 26?
1243
In base 3, what is 1 + -21220111?
-21220110
In base 15, what is 8a + 7?
92
In base 10, what is -55 + 2?
-53
In base 14, what is -5 + 245?
240
In base 5, what is 134 + 3?
142
In base 9, what is -2 + 7052?
7050
In base 4, what is 100 - 1?
33
In base 5, what is 130 - -201?
331
In base 9, what is 801 - 3?
787
In base 15, what is -ea + -3?
-ed
In base 6, what is 3404 + -4?
3400
In base 7, what is -45 + 204?
126
In base 6, what is 13522 - -20?
13542
In base 12, what is 1 - 238?
-237
In base 13, what is 5 + -13b?
-136
In base 3, what is 111 + -101202?
-101021
In base 14, what is -3 - -b97?
b94
In base 15, what is -3 - -91?
8d
In base 10, what is -2734 + 2?
-2732
In base 13, what is 50 - bc?
-6c
In base 15, what is 4 - -5?
9
In base 2, what is 11 - -110010111?
110011010
In base 13, what is 45 - 25?
20
In base 6, what is -401 - -1?
-400
In base 14, what is -208 + -6?
-210
In base 16, what is 46 + -5?
41
In base 4, what is 20 + -1223?
-1203
In base 15, what is 5a4 + -4?
5a0
In base 6, what is -33 - -12?
-21
In base 15, what is 2 + -63?
-61
In base 7, what is 4 - -506?
513
In base 11, what is 6 + 726?
731
In base 3, what is -122222 - -11?
-122211
In base 15, what is -54 - 15?
-69
In base 8, what is 33365 - 2?
33363
In base 8, what is 467 - -5?
474
In base 15, what is -3 + 101a?
1017
In base 10, what is 0 - -1665?
1665
In base 14, what is 246 - -2?
248
In base 4, what is 2 + -3023?
-3021
In base 4, what is 2 + 2012130?
2012132
In base 12, what is 0 - 31?
-31
In base 2, what is 1110010000111 + -101?
1110010000010
In base 9, what is -8077 + -1?
-8078
In base 7, what is 1350 + 2?
1352
In base 12, what is -2 + 0?
-2
In base 2, what is -1001001 - 0?
-1001001
In base 9, what is -2244 + -1?
-2245
In base 3, what is 102 + 12122?
20001
In base 2, what is -101 - -1000100?
111111
In base 9, what is -871 + 3?
-867
In base 2, what is -11100100110 - -1110?
-11100011000
In base 12, what is b2 + -1?
b1
In base 16, what is -2dc2 + -1?
-2dc3
In base 14, what is 160a - -4?
1610
In base 12, what is 1296 + 1?
1297
In base 11, what is -17 - 30?
-47
In base 6, what is 3 - 2342?
-2335
In base 7, what is 4 + 101?
105
In base 7, what is 3 + 53?
56
In base 15, what is 11ca + -1?
11c9
In base 13, what is 439 - -4?
440
In base 8, what is 511 - 0?
511
In base 5, what is 302 + 4?
311
In base 13, what is -23 - -13?
-10
In base 4, what is 1303 - -132?
2101
In base 7, what is 11216 + -5?
11211
In base 5, what is -310 - -2?
-303
In base 3, what is 211122 - -12?
211211
In base 10, what is -78 - -1?
-77
In base 11, what is -20a + -2?
-211
In base 16, what is 48 - 4?
44
In base 15, what is -20b + 1?
-20a
In base 11, what is -273 + 1?
-272
In base 3, what is -10012020 + -11?
-10012101
In base 2, what is 11100000 - 10?
11011110
In base 4, what is 1012333 + -3?
1012330
In base 10, what is -5 + -196?
-201
In base 15, what is -1b - 6?
-22
In base 10, what is 86 + -1?
85
In base 3, what is -210 + -100?
-1010
In base 3, what is 102 - 2010?
-1201
In base 14, what is 13 + 3?
16
In base 4, what is -3 - -1100010?
1100001
In base 5, what is 1314 - 10?
1304
In base 5, what is 10 + 134?
144
In base 8, what is 21 - -6?
27
In base 13, what is -ac + 5?
-a7
In base 12, what is -17 - 6?
-21
In base 5, what is 40 - -1434?
2024
In base 8, what is 16 + -665?
-647
In base 3, what is 2200 + 11?
2211
In base 9, what is -10 - 134?
-144
In base 16, what is 5d10 + -1?
5d0f
In base 15, what is -11c - 8?
-125
In base 13, what is -96 - -2?
-94
In base 8, what is 113 - 1?
112
In base 4, what is 2120 + 11?
2131
In base 3, what is -2021 + 10?
-2011
In base 12, what is 5 + 54?
59
In base 10, what is 404 + 0?
404
In base 16, what is -ab4 - -2?
-ab2
In base 7, what is 4 + -64?
-60
In base 16, what is -5 + -2173?
-2178
In base 6, what is 4 - -25433?
25441
In base 10, what is 313 + 1?
314
In base 4, what is -22 + 221220?
221132
In base 10, what is -9 - 19?
-28
In base 6, what is -51 + 3?
-44
In base 12, what is 6 + -26b3?
-26a9
In base 8, what is 16707 - -5?
16714
In base 11, what is 42a8 + 1?
42a9
In base 10, what is 1 - 75?
-74
In base 10, what is 169 - -4?
173
In base 11, what is 256 - -35?
290
In base 15, what is 18 + 2d2?
2ea
In base 2, what is -101 - 100110?
-101011
In base 6, what is -20 - -2540?
2520
In base 8, what is -2 + -14?
-16
In base 5, what is 11 + 23?
34
In base 16, what is -5 - 5?
-a
In base 13, what is 110b + 3?
1111
In base 14, what is -2 + -d?
-11
In base 7, what is 22255 - 0?
22255
In base 8, what is 33 - 20?
13
In base 10, what is 451 + -4?
447
In base 11, what is -46 + -3?
-49
In base 8, what is 141 - 42?
77
In base 2, what is -100110 + -1001001110?
-1001110100
In base 13, what is -5 - 200?
-205
In base 5, what is -2 + 21204?
21202
In base 3, what is 20 - -2222?
10012
In base 4, what is -21 - 130?
-211
In base 15, what is -16 - -155?
13e
In base 3, what is -12 + 2211?
2122
In base 16, what is -9b0 + -1?
-9b1
In base 6, what is -511 - -5?
-502
In base 10, what is 121 - 25?
96
In base 6, what is -401 - 11?
-412
In base 5, what is 2131 - -3?
2134
In base 14, what is a - 6?
4
In base 11, what is 7168 - -3?
7170
In base 11, what is -60 + 4?
-57
In base 7, what is 221666 - 3?
221663
In base 16, what is 31 + -cb?
-9a
In base 15, what is 1 + a?
b
In base 12, what is 182 - 0?
182
In base 15, what is a31a + 0?
a31a
In base 14, what is 0 - -a2?
a2
In base 11, what is -2a9 - 0?
-2a9
In base 8, what is 13 + 176?
211
In base 7, what is 1311 - 0?
1311
In base 9, what is -2 - 81?
-83
In base 10, what is 0 + -157?
-157
In base 14, what is a - 33?
-27
In base 14, what is -1c73 - -2?
-1c71
In base 12, what is -3 - 3?
-6
In base 12, what is -11b + -2?
-121
In base 10, what is 36 - -7?
43
In base 11, what is -3 - -248?
245
In base 11, what is 5 - 28?
-23
In base 3, what is 200022 - -2?
200101
In base 2, what is 100 - 10101111?
-10101011
In base 12, what is -3 - -2?
-1
In base 13, what is -15 + 10?
-5
In base 6, what is 13410 - 12?
13354
In base 3, what is -10 - -22210?
22200
In base 10, what is -167 - 3?
-170
In base 7, what is 1 - 11364?
-11363
In base 11, what is -3 + 1969?
1966
In base 6, what is 2 + -511?
-505
In base 11, what is -798 + -1a?
-807
In base 14, what is 154b + 0?
154b
In base 12, what is -4 - -a27?
a23
In base 2, what is -101100000111 - -11?
-101100000100
In base 14, what is -2a + 42?
16
In base 15, what is -2 - e?
-11
In base 3, what is 0 - -1010120?
1010120
In base 6, what is -5 - -115?
110
In base 4, what is -11 - -12001?
11330
In base 5, what is 203 + -40?
113
In base 5, what is 1011 + 3?
1014
In base 3, what is 1011 - 1000?
11
In base 